2. Suppose -3*h + 22 = o, -3*o = 2*h - 8 - 16. Calculate the remainder when l(9) is divided by h.
5
Calculate the remainder when (-4)/18 - (1898/(-117) + -5) is divided by 6.
3
Let h(u) = -u + 6. Let z be h(7). Let a be 1/(-1) + 19/z. Let m = -4 - a. What is the remainder when m is divided by 6?
4
Suppose 4*n - 37 = -1. What is the remainder when 37 is divided by n?
1
Let y be (-1)/((-12)/11 + 1). Let h(t) = -t**2 + 34*t + 7. Let m be h(34). Let g = y - m. What is the remainder when 17 is divided by g?
1
Let l = -31 + 31. Let b(j) = j + 20. What is the remainder when 58 is divided by b(l)?
18
Let w(l) = -2*l**3 - 5*l**2 + 78*l + 338. Calculate the remainder when 224 is divided by w(-5).
5
Let l be -7 + -1*2/2. Calculate the remainder when (2 + l/10)/((-14)/(-525)) is divided by 16.
13
What is the remainder when 85 is divided by (-232)/(-60) + -4 - 1294/(-30)?
42
Let l(d) = d - 5. Suppose -16 = -2*c - 2. Let z be l(c). Suppose -13 = z*n - 41. Calculate the remainder when 27 is divided by n.
13
Suppose -3*u + 168 = c, 0*c - 5*u = 5*c - 880. What is the remainder when c is divided by 52?
24
Let o = 984 - 966. What is the remainder when 265 is divided by o?
13
Let u(c) = c + 11. Let f be u(-3). Let v(d) = 8*d - 38. Calculate the remainder when v(f) is divided by 4.
2
Let p(l) = l**3 + 8*l**2 + 15*l + 25. Calculate the remainder when 299 is divided by p(-5).
24
Let f(z) = 5*z + 137. Calculate the remainder when f(-20) is divided by 25.
12
Let y = 697 - 685. Suppose -2*n = 48 - 6. Let j = n + 55. What is the remainder when j is divided by y?
10
Suppose -5*l - 4*s + 575 = 0, 0 = -3*l - 2*s + 424 - 79. Calculate the remainder when l is divided by 89.
26
Let b = -66 + 68. Suppose 7*p = b*p + 235. What is the remainder when p is divided by 13?
8
Let u(q) = 4*q - 22*q**3 - 14*q**3 - 2*q - q**2 + 2. Let c(r) = -11*r - 56. Let a be c(-5). What is the remainder when u(a) is divided by 12?
11
Suppose 4418 = 10*l - 4962. Suppose l = 13*y + y. What is the remainder when y is divided by 10?
7
Suppose -12*o + 196 + 176 = 0. Suppose -6*w - o = -247. Calculate the remainder when 67 is divided by w.
31
Let f(k) = -k**3 + 10*k**2 + 97*k + 20. What is the remainder when 59 is divided by f(16)?
23
Suppose a + 40 = 6*a. Let z = -18 + 32. What is the remainder when z is divided by a?
6
Let z = -7 - -5. Let i(v) = -3*v**2 - 3*v. Let q be i(z). Let d = q + 11. Calculate the remainder when 17 is divided by d.
2
What is the remainder when 415 is divided by (-1 + 2)*((4 - 8) + 12)?
7
What is the remainder when (-3)/12*-12 + -1 + 76 is divided by 42?
36
Let j(l) = 14*l + 2. Let c(p) = 8*p**2 + 2*p**3 - p**3 - 23*p**2 - 18 + 2*p. What is the remainder when j(3) is divided by c(15)?
8
Let m be ((-244)/(-16) + 1)*-16. Let u = -128 - m. Calculate the remainder when u is divided by 45.
42
What is the remainder when 169 is divided by 114/(8/((-96)/(-18)))?
17
Suppose 37*m - 2954 - 3632 = 0. Calculate the remainder when m is divided by 5.
3
Let o(p) = p**3 - 11*p**2 - 3*p - 2. Let z be o(11). Let r = -20 - z. Calculate the remainder when 43 is divided by r.
13
Calculate the remainder when 11865/(-14)*18/(-15) is divided by 30.
27
Let a(r) = r**2 + 4*r - 34. Calculate the remainder when a(8) is divided by 5.
2
Let k be ((-8)/3)/(6/81). Let x = k - -114. Suppose 5*v - x - 17 = 0. What is the remainder when v is divided by 10?
9
Let j(h) = 2*h**2 - 6*h - 4. What is the remainder when 373/4 - 16/64 is divided by j(5)?
13
Let g be 2/(-7) - 6/(-21). Suppose 0 = 5*t - 0*q + 2*q - 13, -4*t - 5*q + 7 = g. Calculate the remainder when t is divided by 11/(-44) + (-18)/(-8).
1
Suppose -61 = -3*v + 2*q, 3*v - q = 2*v + 22. Suppose -3*b = 2*m + 25 - 195, 0 = 5*m - 2*b - 406. Calculate the remainder when m is divided by v.
14
Suppose 287 = 5*z - 4*v, -3*v = -z - z + 119. What is the remainder when z is divided by 0 - 1 - (-13 + -2)?
13
Suppose 3*f - 4*w - 1359 = 0, 6*f = 2*f - 3*w + 1787. Calculate the remainder when f is divided by 9.
8
Let q(n) = n**2 + 15*n + 25. Calculate the remainder when 218 is divided by q(-16).
13
Let d be 3*(39/9 - 3). Let c be (-3 - 14/(-4))*d. Suppose 0*v = v + c*f - 46, 4*v - f - 148 = 0. Calculate the remainder when v is divided by 20.
18
Suppose 0 = 2*u - 2*m - 70, -u = -4*m - 19 - 28. Calculate the remainder when 891 is divided by u.
23
Calculate the remainder when 46 + -1 + 2*20/(-8) is divided by 11.
7
Suppose 3*g + 5*l = 430, 5*g - 4*l = 9*g - 584. What is the remainder when g is divided by 52?
46
Let q = 172 - 100. Suppose 3*r - 78 = 5*f, 0 = 3*r + 4*f - 7*f - q. Calculate the remainder when 60 is divided by r.
18
Suppose 18 = 2*f + 2*y, -6*f + 25 = -f + y. Suppose 13 = 4*w + 5*x, 6*w - w = f*x + 6. What is the remainder when 5 is divided by w?
1
Let p(o) = 14*o**2 - 107*o + 111. Let z = -8 + 34. What is the remainder when p(7) is divided by z?
22
Suppose -26 = 5*x + 4. Calculate the remainder when (-1)/x + (-2920)/(-48) is divided by 16.
13
Suppose -p - 3*p = -2*a - 374, 3*p = 4*a + 273. Let v = 60 + -96. Let u = v - -60. Calculate the remainder when p is divided by u.
23
Calculate the remainder when ((-9)/(90/(-8)))/((-6)/(-345)) is divided by 10.
6
Let u(s) = -s**2 + 24*s - 44. Let j be u(22). Suppose -3*x + 64 = y, -5*x = -j*x + 3*y - 100. Calculate the remainder when x is divided by 17.
6
Suppose 4*j - d - 126 + 30 = 0, -3*j = -3*d - 63. Let t = j + -1. What is the remainder when (1 - 2)/(2/(-142)) is divided by t?
23
Let y(a) = -a**3 + 11*a**2 - 10*a - 12. Let o be y(10). Let c be o/(-15)*(-20)/(-2). Suppose -c*w + 6*w + 40 = 0. What is the remainder when 77 is divided by w?
17
Let f(z) = z**3 - 7*z**2 - 11*z + 21. Let l be f(8). Let n = l + 30. Calculate the remainder when n is divided by 16.
11
Let n = -3881 - -3891. Let q(o) = -40*o - 1. What is the remainder when q(-1) is divided by n?
9
Suppose 2880*b = 2884*b - 1068. Calculate the remainder when b is divided by 42.
15
Let t(o) = 2*o**2 + 4*o + 1. Let g(h) = 5*h - 10. Let z be g(5). Suppose -4*q = q - z. What is the remainder when t(q) is divided by 17?
14
Suppose 2 = -m, -41*k - 312 = -43*k + 3*m. What is the remainder when k is divided by 39?
36
Let b = -136 + 138. Let s(g) = 16*g - 2*g + 6*g. What is the remainder when s(b) is divided by 21?
19
Suppose -f = -5*d + 97, f = 4*f - 9. Suppose 25*t = d*t + 365. What is the remainder when t is divided by 25?
23
What is the remainder when 6/4*(5 + 1396/12) is divided by 8?
6
Suppose -2*p - 2*o + 58 = 0, 5*p - 5*o + 7*o - 130 = 0. Suppose 4*k = 188 + 192. What is the remainder when k is divided by p?
23
Suppose 5*d - 29 = -k - k, 0 = -2*k - d + 49. Suppose -1305 = 2*v + 3*v. Let q = v - -368. What is the remainder when q is divided by k?
26
Let l(y) = y**2 - 9*y - 34. Let j be l(12). Calculate the remainder when j/6 - 1768/(-24) is divided by 20.
14
Let y(d) = -38*d + 601. Let m(k) be the first derivative of -k**3/3 + 3*k**2 + 8*k + 1. What is the remainder when y(15) is divided by m(6)?
7
What is the remainder when (1 + (-2 - -61))/((-26)/(-39)) is divided by 32?
26
Suppose 5*o - 4*f - 19 = 0, -3*f = -3*o - 4*f + 8. Let w = -37 + o. Let a = 68 + w. Calculate the remainder when 99 is divided by a.
31
Let h(x) = 19*x - 1192. Calculate the remainder when 132 is divided by h(64).
12
Let h = 2780 + -2762. Let l(c) = 2*c**2 - 6*c + 5. Let u be l(6). Suppose -9 - u = -5*a. What is the remainder when h is divided by a?
8
Let i(f) = -f**3 - 12*f**2 - 3*f + 3. Let j be i(-12). Let y = j + -21. What is the remainder when y is divided by 7 - (1 - 1 - 0)?
4
Suppose -4*i + 20 = -0*i. Let s(v) = -v**2 - 5*v - 3. Let a(w) = w**3 - 8*w**2 + 6*w + 4. Let o be a(7). What is the remainder when i is divided by s(o)?
2
Suppose 4*x + 34 = 134. Let b = -637 + 652. Calculate the remainder when x is divided by b.
10
Let j = -82 - -143. Suppose -38*y = 5*a - 43*y - 80, 26 = 2*a + y. What is the remainder when j is divided by a?
5
Calculate the remainder when 171 is divided by (-2 - -7)*(-88)/(-22).
11
Let h(w) = -w**2 - 9*w - 7. Let g be h(-3). Suppose 2*i = 2*s, -26 + g = -5*s. Calculate the remainder when i is divided by 3.
0
Calculate the remainder when 2/(-1 - -7) - 1362/(-18) is divided by 29.
18
Let n = -3 + 3. Suppose n = o + o - 14. Let y(s) = s**3 - 7*s**2 + 5*s - 17